the units digit of w(-9)?
3
Suppose 9*y + 85 = 391. Let j = y + 40. What is the tens digit of j?
7
Let l(o) = 5*o**2 + 10*o + 2 + 6*o - 3*o + 2*o. What is the units digit of l(-6)?
2
Suppose -5*i - 1 = -2*y + 7, y - 4 = -5*i. Suppose -y*q + 0*c = -4*c - 192, -174 = -3*q - 3*c. What is the tens digit of q?
5
Let h be 16/6 - 12/18. Suppose 0*q - 60 = h*q. Let f = 2 - q. What is the tens digit of f?
3
Suppose 4380 = -38*c + 53*c. What is the tens digit of c?
9
Suppose z + 14 = 3*o, 5*o + 0*z = 5*z + 20. Suppose o*t - 433 = -108. What is the tens digit of t?
6
Suppose 0 = 2*r + q - 3, -3*r + 5*q - 2 = 0. What is the units digit of 2*-23*(8/(-4))/r?
2
Suppose -3*y + 106 = -74. Suppose -5*b + y = -185. What is the tens digit of b?
4
Let n(k) = 3687*k**3 + 8*k**2 - 12*k + 4. What is the thousands digit of n(1)?
3
Let f(l) = -l**3 - 7*l**2. Let g be f(-7). Suppose g = -k - 5*x + 10, -3*x - 6 = 5*k - 56. What is the tens digit of 252/10 - 2/k?
2
Let s = -1474 - -2382. What is the hundreds digit of s?
9
Let a = 9 - 5. Let n be a/8 - 10/(-4). Suppose -5*b - 3*m = -292, -2*b - n*m + 34 = -81. What is the tens digit of b?
5
Let n(v) = 5*v - 7. Suppose 3*f - 3*t - 2*t = 7, 2*t - 8 = 0. What is the units digit of n(f)?
8
Let j(z) = -z**3 - 10*z**2 - 8*z + 13. Let g be j(-9). Let h(a) = 3*a + 9. Let v(l) = -3*l - 8. Let c(x) = g*v(x) + 3*h(x). What is the units digit of c(-5)?
0
Let n = 707 - 714. Let h(v) = 30*v**3 - v**2. Let d be h(-1). Let c = n - d. What is the tens digit of c?
2
Let j(s) = 10*s - 20. Let z be j(6). Suppose -z*g - 176 = -44*g. Suppose 2*d - 182 + g = -5*k, -k + d = -29. What is the units digit of k?
8
Let s = 10 - 3. Let i = 8 - s. Let k = i + 18. What is the tens digit of k?
1
Let q(z) = -z + 3. Let x be q(3). Let h(l) = l**2 - l - 1. Let t be h(x). What is the units digit of (-9 - -50) + 1/t?
0
Let n = -3484 + 7840. What is the thousands digit of n?
4
What is the units digit of (-1 + -1)/(13/(-13637))?
8
Suppose -168 = 3*z + 111. Let d be (-3)/(-6) - 2200/(-16). Let o = d + z. What is the tens digit of o?
4
Let a(g) = g**3 - 6*g**2 + 10*g - 5. Let c be a(4). Suppose 0 = -n + c. Suppose n*p - 130 + 13 = 0. What is the units digit of p?
9
Suppose -264 = -4*z + 4*d, 2*z + 4*d + 3 = 135. Let v = -48 - -51. Suppose v*i + 3 - z = 0. What is the units digit of i?
1
Let r(l) = l**2 - 11*l - 24. What is the units digit of r(17)?
8
Let g(v) = -8*v + 1. Let c be g(3). Let k = c - -25. Suppose n = -k*y + 36, -3*y - 205 = -5*n - 25. What is the tens digit of n?
3
Let b(t) = 3*t**2 - 10*t + 19. Suppose -5*r + 10 = 0, 8 = 5*y - 3*y - 4*r. What is the hundreds digit of b(y)?
1
Suppose 10*c + 2*o = 9*c + 198, -2*c = 5*o - 391. What is the hundreds digit of c?
2
Suppose 7*m = 3*z + 8*m - 695, -m = -2*z + 465. What is the tens digit of z?
3
Suppose w - 85 - 166 = 0. What is the units digit of w?
1
Suppose 4*d + 4*d - 10488 = 0. Suppose -10*g - 221 = -d. What is the units digit of g?
9
Let m = -108 + 57. Let a = m + 218. What is the tens digit of a?
6
Let i(c) = c**2 - 13*c + 11. Let v = 115 + -24. Suppose -v = 6*l - 13*l. What is the tens digit of i(l)?
1
Let q(l) = 30*l + 160. What is the hundreds digit of q(9)?
4
Suppose -407*w = -412*w + 4285. What is the hundreds digit of w?
8
Suppose -816 = -5*c - 2*g, -8*g - 498 = -3*c - 5*g. Let t = 139 + c. What is the units digit of t?
3
Suppose -v - 4 = 0, 0*q = 5*q + 5*v + 5. Suppose 3*c - u + q = 0, -2 + 1 = -4*c + 3*u. What is the units digit of (-2 - 6/c)*58?
8
Let p be 1*(-2)/(-4 + 3). Suppose -5*l - p*b = -24, -5*l + 12 = -5*b + b. Suppose 4*w + 2*u - 48 - 60 = 0, -120 = -l*w - 5*u. What is the tens digit of w?
2
Let v(y) be the second derivative of y**3/6 - y**2/2 - 6*y. Let r be v(-5). What is the units digit of (310/15)/((-4)/r)?
1
What is the hundreds digit of 51930/50 + (-4)/(-10)?
0
Suppose 0 = 5*a - 10, 4*d - 2*d - 10 = -a. Suppose 2*b - d*c = 90, -9*b + 5*b = -2*c - 210. What is the tens digit of b?
5
Suppose 5*p + a = -48, -5*p - 55 = -5*a + 5. Let w = -2 - p. What is the units digit of w?
8
Suppose 4*f = -5*o + 561 + 621, 3*o + f = 705. What is the units digit of o?
4
Let v(b) = 8*b**2 + 15. What is the tens digit of v(6)?
0
Suppose 0 = -m + 1341 + 417. What is the units digit of m?
8
Let n = 8 - 15. Let q = n - -12. Suppose q*m + 54 - 159 = 0. What is the units digit of m?
1
Let p = 86 - 80. Suppose p*i - 2*i = 308. What is the units digit of i?
7
Let l(u) be the third derivative of 11/6*u**3 + 4*u**2 + 0*u - 1/120*u**6 - 1/24*u**4 + 3/20*u**5 + 0. What is the units digit of l(9)?
2
Let f be -3*(120/(-9))/5. Suppose f*c = 5*c. Suppose c = 5*n - 3*q - 49, -n - 2*q = 2 - 4. What is the units digit of n?
8
Let n(c) = c**3 - 2*c**2 + 3*c - 4. Let r(t) = -t - 6. Let s be r(3). Let p = -5 - s. What is the units digit of n(p)?
0
Let o(a) be the first derivative of -5*a**2/2 + 64*a + 9. What is the units digit of o(0)?
4
Let d be 744/152 + 4/38. Suppose 0*j - 426 = -2*j + d*g, -207 = -j + g. What is the tens digit of j?
0
Let b(x) = x**3 + 10*x**2 - 13*x + 15. Let j be b(-11). Suppose 2*d + 19 = s - d, -5*d = -2*s + j. Let u = s - -13. What is the units digit of u?
9
Let a(d) = -4*d**3 - 4*d**2 - d - 3. Let n be a(-3). Let u = 38 + n. What is the tens digit of u?
1
Let q(z) = z**2 + 4*z - 11. Let x be q(-8). Suppose 0 = 3*a - 6*a + x. What is the units digit of a/2 - 51/(-34)?
5
Suppose 49*l - 1568 = 42*l. What is the tens digit of l?
2
Let n be (2 + (-27)/12)*4. What is the units digit of n/((9/3)/(-75))?
5
Let n be (27 - 26)/((-2)/(-10)). Suppose 4*l + 5*k - 596 = -0*l, -745 = -5*l + n*k. Suppose -l = -5*t + 66. What is the tens digit of t?
4
Let m = 745 + 431. What is the tens digit of m?
7
Let b = 941 + -11. What is the tens digit of b?
3
Let z = 6129 + -4336. What is the units digit of z?
3
Let n(c) be the third derivative of c**6/120 - 2*c**5/15 + 7*c**3/2 - 5*c**2. What is the tens digit of n(9)?
0
Suppose 25*g - 406 = 18*g. Suppose -2*x = -3*x + g. What is the units digit of x?
8
Let t = -3959 + 7259. What is the thousands digit of t?
3
Let a(v) = 15*v**2 - 3*v - 2. Let k be a(-3). Let j = k + -87. What is the tens digit of j?
5
Let l(j) = -j**3 + 3*j**2 - 15*j - 12. What is the units digit of l(-5)?
3
Let y be -3*((-2)/6 - (-1490)/15). What is the units digit of (-4 - (-1 + -2))*y?
7
Let h = 696 + -261. Suppose -4*y = 35 - h. What is the units digit of y?
0
Suppose -28*g + 27*g = -24. Let i be 10 + -1 - (0 - 1). Suppose 2*p = -i + g. What is the units digit of p?
7
Let h = 27 + 21. Let z be h/40*10/3. Suppose 4*i + z*s = 76, 3*s + 115 = 5*i - 2*s. What is the tens digit of i?
2
Suppose -33 = -3*r + 21. Suppose -14*k + r*k = 896. What is the tens digit of k?
2
Suppose 4*o = -d + 489, 3*o + 652 = 2*d - 293. What is the units digit of d?
7
Let c(p) = 10*p**3 + p**2 - 3*p. Let l be c(3). Suppose -4*i = -i - l. Suppose i = 4*b + 2*b. What is the tens digit of b?
1
Let x be 2/5 - (-144)/90. Suppose 0 = x*t - 10, -7*a - 2*t + 26 = -6*a. What is the units digit of a?
6
Let w be (-2)/12 - (-7)/42. Suppose w*l - l + 226 = s, -5*s + 1142 = 2*l. What is the units digit of s?
0
Suppose 5*w + 3 = 2*w. Let b be w*1*(1 - 4). Suppose -2*d - 37 = -n, 0*n + b*n - 3*d = 96. What is the tens digit of n?
2
Let h be ((-9)/(-2))/((-17)/(-2414)). Suppose 4*x = x + h. What is the tens digit of x?
1
Suppose q - 111 - 261 = -d, 5*q + 2*d = 1860. What is the hundreds digit of q?
3
Suppose w + w - 64 = -4*s, 4*w - 64 = -4*s. What is the units digit of s?
6
What is the hundreds digit of (-12086)/(-7) + (-285)/(-665)?
7
Let l = -1150 - -1543. What is the hundreds digit of l?
3
Let w(l) = -2*l**2 - 78*l - 2. What is the units digit of w(-33)?
4
Let p(q) = -q**2 + 11*q - 6. Let y be p(5). Suppose 3*t - 9*t = -y. What is the units digit of t?
4
Let c(q) = 62*q + 7. What is the tens digit of c(3)?
9
Suppose -5*o = -3*c, c = 5*o - 0 - 10. Let s be 2/(-3)*3 - -2. Suppose 3*z - g = -c*g - 2, 4*z + 2*g - 4 = s. What is the units digit of z?
2
Suppose 0 = 6*d - 4*d + a - 591, -3*d = -4*a - 870. What is the tens digit of d?
9
Suppose 0*s + 8 = 4*s. Suppose -6*i + s*i = -200. What is the units digit of i?
0
Let m(c) = c**3 - 5*c**2 + 7*c - 5. Let d be m(3). What is the units digit of 9/d*-12*14/9?
4
Suppose 13 = -2*g - 5. What is 